= r*n(d) - 6*q(d). Determine h(1).
-12
Let x(o) = -o - 1. Let m(k) = -2*k**2 + k - 6. Let a be m(3). Let l be (4 + a/6)*46. Let y = l - 24. Give x(y).
0
Let p be -1 + -1 + (-66)/6. Suppose 0 = 2*q + 2, -13*g = -10*g + q - 14. Let t = p + g. Let v(d) = d**3 + 9*d**2 + 11*d + 10. Calculate v(t).
-14
Let c be (-21)/(-2)*34/51*1. Let x(r) = -7*r + r - 2 + c*r. Give x(9).
7
Let h(r) = -r**2 + 17*r - 59. Let g(j) = j**3 + 10*j**2 - 108*j - 184. Let d be g(-16). Determine h(d).
13
Let q be 1*(0/(-6))/3. Suppose 2*j + 13 = -b, -j - j + b - 15 = q. Let g(i) = -2*i - 3. Calculate g(j).
11
Let z(j) be the first derivative of j**3/3 + 39*j**2/2 + 19*j - 10345. Determine z(-38).
-19
Let i(n) = -15*n + 10. Let y(s) = 5*s - 4. Let m(k) = 3*i(k) + 8*y(k). Let w(v) = 4*v + 3. Let t(b) = -5*m(b) - 6*w(b). Determine t(0).
-8
Let z(a) = a**2 + 2*a + 1. Suppose 3*d - 5 = 8*d, 3*m + 10 = -4*d. Let r be -2 + (m - -3) - -4. Suppose -r*v + 18 = -9*v. What is z(v)?
4
Let t(v) be the third derivative of -v**4/24 + 7*v**3/6 + 791*v**2. Determine t(17).
-10
Let y(g) = 25*g**3 + g - 1. Suppose -a - a = 6, 0 = 3*z - 4*a - 21. Let n = -406 - -406. Suppose -z*v + n*i + 11 = 4*i, v - 2*i = -3. What is y(v)?
25
Let b(d) be the second derivative of d**3/6 - 3*d**2 - 15*d. Let m = -3044 - -3052. Determine b(m).
2
Suppose -35*d = -38*d + 12. Let k be (-4)/16 - 42/(-8). Let n(a) = -21*a**2 + 5*a - 4. Let o(y) = 20*y**2 - 4*y + 3. Let c(t) = d*n(t) + k*o(t). What is c(1)?
15
Let t(f) = 1605*f + 8021. Let m be t(-5). Let p(w) = w**3 - w**2 - w. Give p(m).
-76
Let r(t) = -t**2 + 81*t + 523. Let s be r(-6). Let c(z) = 5*z**3 + 2*z**2 - 5*z + 4. What is c(s)?
6
Let o(b) = -3*b**2 + 266*b - 700. Let t be o(86). Let w(u) = 2*u**2 + 19*u - 60. What is w(t)?
0
Let w = 1101 - 1109. Let t(c) = -2*c**2 - 9*c + 17. What is t(w)?
-39
Let u(b) = 4*b**2 - 66*b + 21. Suppose 27*s = -29*s + 437 + 459. Give u(s).
-11
Suppose 371*n + 18 = 374*n - 3*l, -n + 7 = -2*l. Let c(d) = -2*d**3 + 11*d**2 - 2*d - 7. Determine c(n).
8
Let v = 83 - 63. Let l(t) = 2*t - 46. Let k be l(v). Let f(w) = -2*w**2 + 3*w - 5. Let y(x) = -3*x**2 + 3*x - 4. Let g(s) = -4*f(s) + 3*y(s). What is g(k)?
-10
Let o(r) = r**3 + 20*r**2 - 2*r - 38. Let i be o(-20). Let x(d) = -1 - 19*d - 2*d**2 + 8*d**i - 10*d - d**3 + 32*d - 6. Give x(6).
11
Suppose 5*y + 0*c - 145 = c, 2*c = 10. Let b be 4/12 - 100/y. Let g(i) = -i**3 - i**2 + i + 3. Determine g(b).
18
Let w = -3899 + 3904. Let j(c) = -3*c - 12. Determine j(w).
-27
Let n(z) = -8*z**3 - z**2 + 1. Let x(a) = 2*a**2 + a + 1. Let y be x(0). Suppose -y = 2*h - h. Let w be h*-1*1/1. Give n(w).
-8
Suppose 3*v - 2*x = -27, 13*x = -36*v + 37*v + 46. Let t(q) = q**3 + 6*q**2 - 9*q - 13. Determine t(v).
1
Suppose 2*n = -u + 8, 5*n - 2*u - 19 = 1. Suppose n*w = -2*f - 14, 20*f - 15*f + 28 = -3*w. Let s(q) = q - 4. What is s(w)?
-5
Let n be 40/(-14) + -30 + 24 - (-18)/21. Let a(m) = -18*m - 137. Determine a(n).
7
Let g = 201 + -199. Let f(y) = 18*y - 24*y - 12 - g*y**2 + 16*y + y**2. Calculate f(9).
-3
Let w(u) be the first derivative of u**5/20 - u**4/2 - 4*u**3/3 + 9*u**2/2 + 60*u - 102. Let b(k) be the first derivative of w(k). Give b(7).
2
Let k = 1179 + -1179. Let l(s) = s + 7. Let o be l(-5). Let w(g) = g**2 + o*g - 2*g - g + 21. Determine w(k).
21
Let k(f) = -5*f**3 - 18*f**2 - 31*f + 59. Let t(u) = -7*u**3 - 17*u**2 - 33*u + 58. Let s(x) = -4*k(x) + 3*t(x). Give s(22).
4
Let v be (-48)/(-2)*(-4 + (-119)/(-28)) + -3. Let i(b) = b**3 - 5*b**2 - b + 18. Determine i(v).
-3
Suppose -552*y + 568*y = 384. Let j(f) = 3*f - 72. Determine j(y).
0
Let b(y) = 6*y - 2*y - 5*y + 253 - 223 + 9*y. Give b(-3).
6
Let h(i) = -5*i**2 + 11*i + 13. Let t(b) = b**2 - 3*b - 3. Let v(z) = 2*h(z) + 9*t(z). Let x be (-3 + 306)*(12/9)/(-4). Let w = -106 - x. Determine v(w).
-1
Let g(s) be the first derivative of -2*s + 2 - 1/2*s**2. Suppose 77 = -9*p + 23. What is g(p)?
4
Let i = 7 - 7. Let g be (-2 - -4) + (11 - (-4 - -6)). Let k(j) = -j - 12. Let c(m) = 5*m + 60. Let h(b) = g*k(b) + 2*c(b). Determine h(i).
-12
Let j(o) = 49*o**3 + 2*o**2 + 25*o - 2. Let a(v) = 46*v**3 + 2*v**2 + 21*v - 2. Let t(k) = -6*a(k) + 5*j(k). What is t(1)?
-32
Let a(k) = -13*k**2 + k - 5. Suppose 0 = -4*d + 12*d + 23*d - 62. Calculate a(d).
-55
Let x = -745 + 389. Let z = x + 355. Let a(g) = 8*g**3 + g**2 + 2*g + 1. Determine a(z).
-8
Let a(g) be the first derivative of -g**4/4 - 8*g**3/3 - 4*g**2 + 6*g + 1169. Determine a(-5).
-29
Let s(h) = -h**2 + 16*h - 13. Let u be s(12). Suppose -u = 5*i - 10*i. Let z(t) be the first derivative of -t**2 + 10*t + 688. What is z(i)?
-4
Let y(o) = -o**3 - o**2 + 12*o - 5. Let b = -4203 - -4205. Give y(b).
7
Let r(j) = -11*j + 25. Let k be r(2). Let y(x) = -2*x**3 - 16 - 6*x**3 - 8*x**2 + 6*x**3 + k*x**3 + 10*x. Calculate y(7).
5
Let m(t) = 24*t - 96. Let l(a) = -20*a + 984. Let b be l(49). Calculate m(b).
0
Let n = 6 + -10. Suppose 39*q = 121 + 74. Let c(o) = -4*o**2 - 5*o + 9. Let w(u) = 3*u**2 + 4*u - 7. Let r(i) = q*w(i) + 4*c(i). What is r(n)?
-15
Suppose 0 = -4*k - 2*i + 34, -k - 3*i - 15 = -6*k. Suppose 3*f = k, 7*s - 3*s = 4*f - 36. Let a(j) = 2*j + 16. Determine a(s).
2
Let s(n) = 8*n + 6. Let d(x) = 21*x - 3*x + 2 + 0*x - 7*x - 8*x. Let m(r) = 7*d(r) - 3*s(r). Determine m(-6).
14
Let a(t) be the second derivative of t**5/20 + 3*t**4/4 + t**3/6 + 33*t**2/2 + 697*t + 2. Calculate a(-9).
24
Let d(f) = -f**2 + 23*f - 85. Let i = 7265 + -7261. Give d(i).
-9
Let c = 38 + 123. Let t = -165 + c. Let s(w) = 2 + w + 2 + w. Calculate s(t).
-4
Let z(h) = -4*h**2 + 9*h + 5. Suppose -2*r = -v + 3, 4*r + 4 = -26*v + 30*v. Calculate z(r).
-29
Let h(f) be the second derivative of -1/2*f**2 + 2*f - 43 + 11/12*f**4 - 1/6*f**3. Let g be (-45)/36 - 1/(-4). Calculate h(g).
11
Let x(f) = f**3 - 3*f**2 - 153*f + 33. Let v(h) = -h**2 + 21*h + 3. Let t(l) = 7*v(l) + x(l). Give t(10).
-6
Let g(h) be the first derivative of h**3/3 + 14*h**2 - 336*h + 5444. Determine g(-37).
-3
Let i(t) = 5*t. Let q(h) = 4*h - 1. Let o(p) = 3*i(p) - 4*q(p). Let v(d) = 10*d**3 + 31*d**2 + 3*d + 4. Let r be v(-3). Give o(r).
0
Let x(q) be the first derivative of -q**3/3 - 4*q**2 - 9*q + 6430. Suppose 3*k + 4 = -11. Give x(k).
6
Suppose -h + 0*h - 4 = 0. Let c(r) = -r - 5 - 17*r**2 - 39*r**2 + 57*r**2. What is c(h)?
15
Let u(f) = f**2 - f - 1. Let h(v) = -6*v**2 + 25*v - 72. Let z(r) = -h(r) - 5*u(r). Let s be z(15). Let a(n) = 4*n**2 - n - 4. Give a(s).
10
Let g(u) be the second derivative of 15*u + 0 + 1/4*u**4 - 1/2*u**2 + 1/6*u**3 + 1/10*u**5. Suppose -1 = -5*m - 4*j + 1, -4*m = 4*j - 4. Give g(m).
-7
Let i be 297/44 + (4/(-16))/(-1). Let s = 13 + -10. Let b(x) = -x**3 - x + 1 - 9*x**2 + 0*x**s + 2*x**2 + 14*x**2. What is b(i)?
-6
Let i(u) = -u**2 - 20944*u + u**3 - 20901*u + 41792*u - 15. Determine i(8).
9
Suppose 0 = 3*x + 4*j - 23, 0 = -2*x - j - 9*j + 8. Let a(n) be the first derivative of -n**4/4 + 3*n**3 - n**2 + 12*n - 4. Determine a(x).
-6
Let w(r) = -9 + 396*r + 408*r - 4 - 848*r - 2. What is w(0)?
-15
Let v(x) = x**2 + 3*x + 1. Let p(y) = 2*y**2 + 27*y + 18. Let h be p(-13). Suppose 24 + 71 = 4*a - 3*o, 0 = 5*a - h*o - 120. Let l = a - 26. Determine v(l).
1
Let g(n) = -5*n - 1 + 2*n**3 + 5*n**2 + 4 - 3*n**3. Let j(k) = 276*k - 19868. Let u be j(72). Calculate g(u).
-1
Let p(d) be the third derivative of 1/12*d**4 + 0*d - 5*d**2 + 7 - 1/10*d**5 - 1/2*d**3. Give p(1).
-7
Let o(n) = 12*n + 305. Suppose -5*u + 2*j - 113 = 0, 0 = -30*u + 32*u + 6*j + 86. Determine o(u).
5
Let t = -82 - -118. Let r be (-192)/t*(-6)/(-2). Let p(w) = -w - 14. Give p(r).
2
Let a(m) be the second derivative of m**4/12 - 3*m**3/2 + 17*m**2/2 - 40*m + 3. Give a(8).
9
Let g = 5 + -9. Let j(h) = -4*h + 53*h + 0*h + h**2 - 5*h - 32*h - 4*h + 6. Give j(g).
-10
Let y(s) = s**2 - 14*s + 8. Let r(m) = 79*m + 1826. Let c be r(-23). Calculate y(c).
-37
Let h(u) = -2*u**2 - 8*u + 15. Suppose -48*i - 108 = 228. What is h(i)?
-27
Let m be (4/3)/((-6)/27 + 42/108). Let f(x) = 4*x - 14. What is f(m)?
18
Let g(z) = 17*z**2 - 19*z**2 - 64*z - 59*z + 109*z - 5. Calculate g(-6).
7
Let h(m) = m**3 - 6*m**2 + 2*m - 9. Let k = 68 - 64. Suppose -c = -k*u + 10, -c = -2*u - 3*c. Suppose 2*y - 2*n - 2 = 0, n - 3 - u = 0. Determine h(y).
3
Let x(w) be the third derivative of